ate v(-18).
2
Let o(w) = -w**2 - 9*w + 21. Calculate o(-11).
-1
Let q(t) = -t**3 + 8*t**2 - 5*t - 7. Calculate q(7).
7
Let u(x) = -x - 12. What is u(-10)?
-2
Let y(l) = -4*l**2 + 18*l - 29. Determine y(8).
-141
Let r(l) = -3*l + 6. Give r(-6).
24
Let n(j) = j - 4. Give n(-6).
-10
Let i(g) = -g**2 - 2*g + 6. Give i(4).
-18
Let q(f) = -13*f**2 + 28*f + 7. Give q(4).
-89
Let d(s) = 27*s**2 + 5*s + 3. Determine d(-1).
25
Let y(j) = -j**3 + 6*j**2 - 3*j + 4. Calculate y(6).
-14
Let m(h) = -3*h**2 - 5*h - 1. Calculate m(-3).
-13
Let w(u) = u - 8. Determine w(1).
-7
Let v(u) = 17*u**3 + 2*u**2 + 2*u + 1. Calculate v(-1).
-16
Let p(y) = -y**2 + 12*y + 6. Give p(12).
6
Let h(y) = -y**3 - 16*y**2 - 6*y - 91. Give h(-16).
5
Let w(l) = 36*l - 538. Give w(15).
2
Let l(o) = 43*o**2 - 1. What is l(-1)?
42
Let t(a) = -6*a**2 - 28*a + 7. Give t(-5).
-3
Let i(z) = -2*z**3 - z**2 + 4*z - 1. Determine i(3).
-52
Let j(n) = -n**3 - 19*n**2 + n + 27. Give j(-19).
8
Let v(k) = -5*k + 153. What is v(31)?
-2
Let g(n) = -2*n - 7. Determine g(-3).
-1
Let l(p) = 5*p - 5. Calculate l(7).
30
Let a(y) = -34*y**3 - y**2 - 2*y - 1. Calculate a(-1).
34
Let b(l) = -l**2 + 7*l + 102. What is b(14)?
4
Let w(b) = b**3 + 12*b**2 + 6. Calculate w(-12).
6
Let i(t) = 9*t - 89. Calculate i(11).
10
Let n(y) = 2*y**2 - 49. Give n(7).
49
Let p(v) = 4*v + 3. Determine p(3).
15
Let u(s) = -s**3 + 6*s**2 - 5*s - 4. What is u(6)?
-34
Let n(u) = -u**2 + 30*u - 6. Determine n(30).
-6
Let h(p) = -p**3 + 7*p**2 - 3*p. Calculate h(1).
3
Let z(f) = 5*f - 1. Calculate z(-5).
-26
Let t(q) = q**3 - q - 20. What is t(0)?
-20
Let y(j) = j**2 + 2*j - 24. Determine y(-6).
0
Let f(m) = -m**2 + 11*m - 9. What is f(11)?
-9
Let l(f) = -22*f**3 - f**2 - 2*f - 2. Give l(-1).
21
Let r(b) = -b**3 + 15*b**2 + b + 13. What is r(15)?
28
Let v(f) = -3*f**2 + f - 2. What is v(-3)?
-32
Let c(r) = -r**3 - 16*r**2 - 15*r - 16. What is c(-15)?
-16
Let x(h) = -h**2 + 24*h + 336. Give x(-10).
-4
Let y(p) = -p**2 - 2*p - 4. Determine y(3).
-19
Let s(r) = -r**3 - 5*r**2 + 67*r + 21. What is s(-11)?
10
Let x(j) = -3*j + 7. Give x(-9).
34
Let b(z) = -z**2 - 7*z + 11. Determine b(-8).
3
Let y(a) = -a**3 - 4*a**2 + 3*a - 3. What is y(-5)?
7
Let f(l) = -l**3 + 20*l**2 - 18*l - 14. Calculate f(19).
5
Let z(u) = -u**3 - 17*u**2 + 18*u - 5. Give z(-18).
-5
Let i(o) = -4*o - 16. Give i(-9).
20
Let h(k) = 2*k**3 - 7*k**2 + 2*k - 6. Calculate h(3).
-9
Let b(t) = t**3 + 20*t**2 + 19*t - 18. Calculate b(-19).
-18
Let m(b) = b - 4. Give m(5).
1
Let y(r) = -r**3 - 12*r**2 - 17*r + 30. Give y(-10).
0
Let c(f) = f**3 + 14*f**2 + f + 17. Calculate c(-14).
3
Let t(c) = -c**3 + 5*c**2 + 15*c - 10. What is t(7)?
-3
Let y(a) = -a**3 - 2*a**2 - 1. What is y(-3)?
8
Let h(l) = l**3 + l**2 - 2*l. Calculate h(0).
0
Let w(l) = -l**3 + 3*l**2 + 5*l - 10. Determine w(3).
5
Let w(b) = -b**3 - 3*b**2 + b - 20. Give w(-4).
-8
Let w(g) = -5*g + 12. What is w(0)?
12
Let c(u) = -9*u + 12. Determine c(-6).
66
Let a(n) = -7*n + 7. What is a(1)?
0
Let p(y) = y**2 - 6*y + 2. What is p(6)?
2
Let o(b) = -11*b**3 - b**2 - b + 1. Calculate o(2).
-93
Let s(a) = -7*a + 1. Give s(-4).
29
Let q(b) = 5*b + 12. Determine q(-6).
-18
Let i(y) = -y**2 + 6*y + 3. Determine i(5).
8
Let p(x) = -2*x**3 - 6*x**2 + 3*x + 2. Determine p(-3).
-7
Let k(q) = -4*q + 7. Determine k(5).
-13
Let u(p) = -p**2 - 9*p + 2. Calculate u(-7).
16
Let o(f) = -f**2 - 4*f + 30. Calculate o(4).
-2
Let q(b) = 13*b + 147. What is q(-12)?
-9
Let v(h) = 2*h - 6. Determine v(5).
4
Let y(m) = -17*m - 479. What is y(-29)?
14
Let f(h) = h**2 + 13*h - 24. Calculate f(-14).
-10
Let k(y) = -3*y**2 - 22*y - 2. Determine k(-7).
5
Let h(x) = 6*x + 3. Calculate h(-3).
-15
Let k(o) = -3*o**3 - 3*o**2 - 3*o - 4. Calculate k(3).
-121
Let i(q) = -q**3 + 4*q**2 - 2*q + 8. Give i(5).
-27
Let d(r) = -r**3 + 4*r**2 - r - 3. What is d(2)?
3
Let w(a) = -9*a - 6. What is w(-1)?
3
Let g(t) = -12*t**2 - 33*t + 4. Determine g(-3).
-5
Let l(f) = f**3 - 5*f**2 - f + 11. Calculate l(5).
6
Let o(j) = -j + 9. Give o(-11).
20
Let p(t) = t**2 - 13*t + 14. Give p(11).
-8
Let p(s) = s**3 + s - 17. Give p(0).
-17
Let f(v) = -v**3 - 2*v**2 - 2. Determine f(-3).
7
Let c(z) = 4*z**2 - 10*z + 15. What is c(6)?
99
Let m(y) = y - 5. Determine m(3).
-2
Let h(q) = 2*q - 35. Give h(16).
-3
Let a(v) = 2*v + 20. What is a(-13)?
-6
Let b(u) = u**3 + 13*u**2 - 51*u - 29. Determine b(-16).
19
Let i(m) = -3*m**3 - m**2 - m - 2. Determine i(0).
-2
Let k(b) = 59*b - 1. What is k(1)?
58
Let a(z) = 2*z**3 + z**2 - 2*z + 2. Give a(-3).
-37
Let v(t) = t**2 + 3*t + 93. What is v(0)?
93
Let n(k) = -k - 6. What is n(1)?
-7
Let j(p) = p**3 - 2*p**2 + p - 11. Calculate j(0).
-11
Let u(r) = -r**2 - 4*r - 3. Determine u(-2).
1
Let w(m) = -42*m**2 - 3*m - 2. Calculate w(-1).
-41
Let v(o) = 57*o - 3. What is v(3)?
168
Let r(z) = -z**2 + 11*z + 24. Calculate r(12).
12
Let h(z) = -z**3 + 2*z**2 - z - 2. What is h(2)?
-4
Let t(k) = -61*k + 12. Calculate t(0).
12
Let k(i) = -i**3 + 7*i**2 - 13*i + 54. Determine k(6).
12
Let p(l) = 2*l**3 - 7*l**2 + 5*l + 6. What is p(2)?
4
Let m(f) = f**2 - 13*f - 2. Calculate m(12).
-14
Let g(f) = f**2 - 13*f - 14. What is g(11)?
-36
Let o(l) = l**2 + 2*l - 3. Give o(-4).
5
Let i(c) = -8*c - 2. Give i(-3).
22
Let h(l) = 13*l + 1. What is h(2)?
27
Let g(o) = o**3 - 5*o**2 - 4*o - 7. Calculate g(6).
5
Let j(p) = 2*p**3 - 5*p**2 - 4*p + 3. Determine j(4).
35
Let j(a) = -a**2 + 2*a + 38. Determine j(7).
3
Let f(g) = 6*g - 169. Calculate f(22).
-37
Let f(p) = -p + 8. Give f(15).
-7
Let f(q) = 11*q - 17. Determine f(2).
5
Let w(f) = -11*f**3 - f**2 + 2*f + 3. What is w(-2)?
83
Let v(l) = -l**2 + 104*l - 1679. What is v(20)?
1
Let a(c) = 16*c - 20. What is a(6)?
76
Let b(y) = y**2 - 2*y + 3. Determine b(1).
2
Let m(w) = -11*w**2 - 2. What is m(2)?
-46
Let c(y) = y**2 - 4*y. What is c(5)?
5
Let x(z) = z**2 + 3*z + 4. Give x(-6).
22
Let a(s) = 4*s - 39. Give a(9).
-3
Let f(b) = -b**3 + 5*b**2 - 3*b - 4. Determine f(5).
-19
Let x(m) = -m**2 + 10*m + 18. Determine x(12).
-6
Let g(y) = -y - 70. What is g(0)?
-70
Let w(v) = -17*v**2 + 5*v - 4. Determine w(1).
-16
Let o(c) = c**3 + 57*c**2 + 5*c + 295. Give o(-57).
10
Let x(q) = -q**3 - 8*q**2 - 7*q + 8. Determine x(-6).
-22
Let s(r) = r**2 + 5*r + 3. Calculate s(-5).
3
Let w(n) = -n**3 + 5*n**2 - 4*n + 9. Determine w(5).
-11
Let i(s) = 9*s + 84. Calculate i(-20).
-96
Let n(f) = f**3 + 26*f**2 - f + 14. Determine n(-26).
40
Let c(b) = b**3 - 43*b**2 + 23*b + 791. What is c(42)?
-7
Let j(c) = -9*c - 12. Calculate j(-4).
24
Let s(p) = 6*p - 6. What is s(4)?
18
Let p(h) = -h**2 + 8*h - 7. Determine p(7).
0
Let p(c) = -c**2 - 60*c - 120. What is p(-58)?
-4
Let s(q) = -2*q - 28. Give s(-7).
-14
Let z(k) = 32*k - 17. Give z(3).
79
Let c(z) = 3*z**3 - 2*z**2 + 2. Calculate c(2).
18
Let o(g) = g**3 + 2*g**2 - 4*g - 5. Give o(-4).
-21
Let i(v) = -2*v - 7. What is i(-8)?
9
Let f(z) = 5*z + 4. Calculate f(-7).
-31
Let w(b) = 41*b + 369. Determine w(-9).
0
Let u(a) = a**2 + 26*a + 29. Calculate u(-25).
4
Let c(y) = -y**3 + 5*y**2 + 5*y + 13. Determine c(6).
7
Let a(z) = -z**3 - 19*z**2 - 400. Calculate a(-20).
0
Let y(c) = 2*c + 17. What is y(-14)?
-11
Let t(p) = -123*p + 3. Determine t(0).
3
Let w(k) = -k**3 + 8*k**2 - 4. Give w(8).
-4
Let m(b) = -b**2 + 10*b + 6. What is m(11)?
-5
Let m(c) = c**2 - c - 22. Calculate m(0).
-22
Let g(v) = -v**3 + 9*v**2 + 14*v - 31. What is g(10)?
9
Let j(r) = r**2 - 2*r - 2. Give j(2).
-2
Let p(n) = n**2 + 7*n + 8. What is p(-6)?
2
Let c(j) = -10*j + 27. Give c(6).
-33
Let f(u) = -u**2 + 12*u - 9. Give f(11).
2
Let c(w) = -w**3 - 5*w**2 + 10*w + 23. Give c(-6).
-1
Let q(p) = -p**3 + 3*p**2 + 2*p. What is q(3)?
6
Let d(w) = -3*w + 21. What is d(0)?
21
Let n(h) = -2*h**2 - 6*h - 4. Determine n(-5).
-24
Let o(a) = a**2 + 5*a - 8. Give o(-7).
6
Let f(m) = -7*m - 147. Calculate f(-21).
0
Let k(u) = -u**3 - 21*u**2 - 38*u + 4. What is k(-19)?
4
Let s(a) = -a - 41. Give s(-34).
-7
Let k(n) = -n**2 - 3*n - 4. Give k(-3).
-4
Let t(v) = -v**2 + 51*v - 343. Determine t(43).
1
Let h(q) = q**3 + 7*q**2 + 10*q + 22. Determine h(-6).
-2
Let x(h) = -3*h**3 - 88*h**2 - 28*h + 20. What is x(-29)?
-9
Let z(b) = -3*b**2 - 12*b + 20. Calculate z(-5).
5
Let j(m) = -4*m + 33. Give j(16).
-31
Let n(a)